
Calculate the remainder when 17417142 is divided by 94658.
70
What is the remainder when 44453 is divided by 4041?
2
Calculate the remainder when 310961806 is divided by 298.
296
Calculate the remainder when 294936131 is divided by 39.
35
What is the remainder when 20806004 is divided by 2529?
2450
What is the remainder when 47036 is divided by 898?
340
Calculate the remainder when 2693326 is divided by 5281.
16
Calculate the remainder when 1059142 is divided by 11643.
11272
What is the remainder when 290263 is divided by 560?
183
Calculate the remainder when 34658 is divided by 3442.
238
What is the remainder when 21974 is divided by 3643?
116
Calculate the remainder when 30332 is divided by 2740.
192
Calculate the remainder when 723548 is divided by 180573.
1256
Calculate the remainder when 160786 is divided by 7672.
7346
What is the remainder when 12489171 is divided by 4163054?
9
Calculate the remainder when 11714350 is divided by 114846.
58
Calculate the remainder when 2329166 is divided by 492.
38
Calculate the remainder when 335070 is divided by 1432.
1414
What is the remainder when 886721 is divided by 69?
2
Calculate the remainder when 5577287 is divided by 75.
62
What is the remainder when 99535 is divided by 302?
177
What is the remainder when 36922 is divided by 1931?
233
Calculate the remainder when 3606178 is divided by 1530.
1498
What is the remainder when 917106 is divided by 152851?
0
Calculate the remainder when 199153 is divided by 49779.
37
What is the remainder when 15322 is divided by 1966?
1560
What is the remainder when 5433979 is divided by 2200?
2179
What is the remainder when 15690547 is divided by 218?
215
Calculate the remainder when 239090 is divided by 58887.
3542
Calculate the remainder when 48561082 is divided by 2574.
2572
Calculate the remainder when 16455735 is divided by 69.
63
What is the remainder when 50225374 is divided by 16?
14
What is the remainder when 153331 is divided by 6386?
67
What is the remainder when 2595366 is divided by 11044?
26
What is the remainder when 482953 is divided by 18821?
12428
What is the remainder when 7057318 is divided by 230?
228
Calculate the remainder when 844259 is divided by 26374.
291
What is the remainder when 506932 is divided by 14476?
272
What is the remainder when 3375998 is divided by 1687986?
26
Calculate the remainder when 69095301 is divided by 1771674.
15
Calculate the remainder when 37099598 is divided by 1457.
7
What is the remainder when 82812 is divided by 190?
162
Calculate the remainder when 183212 is divided by 42.
8
What is the remainder when 1061338 is divided by 7?
5
What is the remainder when 16299 is divided by 538?
159
Calculate the remainder when 119885 is divided by 119864.
21
Calculate the remainder when 1582874 is divided by 54536.
1330
What is the remainder when 232501 is divided by 232409?
92
Calculate the remainder when 561884 is divided by 1095.
149
Calculate the remainder when 971074 is divided by 166.
140
What is the remainder when 4535 is divided by 1416?
287
Calculate the remainder when 35362 is divided by 721.
33
Calculate the remainder when 246826490 is divided by 695.
20
Calculate the remainder when 2965591 is divided by 6532.
63
What is the remainder when 57645 is divided by 1318?
971
What is the remainder when 432493 is divided by 54055?
53
Calculate the remainder when 28157 is divided by 42.
17
Calculate the remainder when 6197193 is divided by 109.
107
What is the remainder when 1524 is divided by 83?
30
Calculate the remainder when 114638886 is divided by 1027.
11
Calculate the remainder when 524883 is divided by 487.
384
Calculate the remainder when 4973721 is divided by 324.
321
Calculate the remainder when 61429877 is divided by 1856.
1845
What is the remainder when 47659858 is divided by 1801?
1796
Calculate the remainder when 594749 is divided by 344.
317
Calculate the remainder when 81841098 is divided by 116.
82
Calculate the remainder when 19301282 is divided by 448865.
87
What is the remainder when 6084530 is divided by 39?
23
What is the remainder when 440337 is divided by 814?
777
Calculate the remainder when 9771815 is divided by 62.
57
Calculate the remainder when 21989189 is divided by 1344.
5
What is the remainder when 1612349 is divided by 1354?
1089
What is the remainder when 38657388 is divided by 4832170?
28
What is the remainder when 690222894 is divided by 22?
20
What is the remainder when 50050 is divided by 8157?
1108
Calculate the remainder when 4556569 is divided by 379714.
1
Calculate the remainder when 1259514 is divided by 279.
108
What is the remainder when 1404131 is divided by 559?
482
What is the remainder when 11999 is divided by 2374?
129
Calculate the remainder when 27204993 is divided by 1092.
1089
What is the remainder when 2924131 is divided by 344?
131
What is the remainder when 3248837 is divided by 360980?
17
Calculate the remainder when 7892915 is divided by 351.
329
What is the remainder when 156779 is divided by 36?
35
What is the remainder when 2165284 is divided by 30?
4
Calculate the remainder when 189166 is divided by 118.
12
What is the remainder when 508011 is divided by 169334?
9
What is the remainder when 232235 is divided by 4730?
465
Calculate the remainder when 409727 is divided by 409675.
52
Calculate the remainder when 397795 is divided by 5304.
5299
What is the remainder when 92928287 is divided by 455?
452
What is the remainder when 985341 is divided by 2124?
1929
What is the remainder when 1071288 is divided by 178532?
96
Calculate the remainder when 10088731 is divided by 10088697.
34
Calculate the remainder when 5158787 is divided by 866.
25
Calculate the remainder when 3870425 is divided by 173.
69
What is the remainder when 11783269 is divided by 40?
29
Calculate the remainder when 7645336 is divided by 248.
240
What is the remainder when 275870 is divided by 5522?
5292
What is the remainder when 462761 is divided by 462735?
26
Calculate the remainder when 51351 is divided by 4187.
1107
Calculate the remainder when 105505687 is divided by 4587203.
18
What is the remainder when 10964447 is divided by 103?
97
What is the remainder when 173018 is divided by 57667?
17
What is the remainder when 153044 is divided by 444?
308
Calculate the remainder when 71844 is divided by 70770.
1074
Calculate the remainder when 3682680 is divided by 1211.
29
Calculate the remainder when 2896842 is divided by 1270.
1242
Calculate the remainder when 36607 is divided by 18114.
379
Calculate the remainder when 54739 is divided by 16444.
5407
What is the remainder when 122011767 is divided by 895?
892
What is the remainder when 1184203 is divided by 1184175?
28
Calculate the remainder when 7340 is divided by 3161.
1018
Calculate the remainder when 368403 is divided by 1266.
1263
What is the remainder when 72928679 is divided by 991?
989
Calculate the remainder when 153240 is divided by 44.
32
What is the remainder when 558172 is divided by 24267?
31
What is the remainder when 76182795 is divided by 163?
18
Calculate the remainder when 812024 is divided by 905.
239
Calculate the remainder when 563079 is divided by 5085.
3729
Calculate the remainder when 32633 is divided by 1123.
66
Calculate the remainder when 1280379 is divided by 41294.
265
What is the remainder when 25731348 is divided by 76?
28
What is the remainder when 1482673 is divided by 652?
25
What is the remainder when 1010393 is divided by 4374?
4373
Calculate the remainder when 1218205 is divided by 2732.
2465
Calculate the remainder when 8654253 is divided by 134.
131
What is the remainder when 4638988 is divided by 4638983?
5
Calculate the remainder when 261448 is divided by 153.
124
Calculate the remainder when 71338286 is divided by 1384.
6
Calculate the remainder when 3717604 is divided by 619600.
4
What is the remainder when 298295780 is divided by 59659153?
15
Calculate the remainder when 24361766 is divided by 23.
5
Calculate the remainder when 36029687 is divided by 744.
743
Calculate the remainder when 633162 is divided by 28.
26
What is the remainder when 1492055 is divided by 301?
299
What is the remainder when 2879728 is divided by 2119?
7
Calculate the remainder when 1212724 is divided by 1541.
1498
What 